2129
What are the prime factors of 366399?
3, 11, 3701
List the prime factors of 20970097.
1609, 13033
What are the prime factors of 37951324?
2, 9487831
List the prime factors of 117163.
117163
What are the prime factors of 614560?
2, 5, 23, 167
What are the prime factors of 188461?
7, 13, 19, 109
What are the prime factors of 9252260?
2, 5, 31, 14923
What are the prime factors of 205783?
205783
What are the prime factors of 310509?
3, 34501
List the prime factors of 250896.
2, 3, 5227
List the prime factors of 585292.
2, 146323
What are the prime factors of 211646?
2, 23, 43, 107
What are the prime factors of 7755383?
17, 29, 15731
What are the prime factors of 5106439?
13, 392803
What are the prime factors of 347251?
347251
What are the prime factors of 3535679?
7, 505097
List the prime factors of 356918.
2, 47, 3797
List the prime factors of 2284678.
2, 11, 29, 3581
List the prime factors of 444543.
3, 11, 19, 709
What are the prime factors of 9728225?
5, 13, 37, 809
What are the prime factors of 10591209?
3, 392267
What are the prime factors of 1192878?
2, 3, 66271
What are the prime factors of 1781759?
7, 254537
What are the prime factors of 3797773?
7, 542539
What are the prime factors of 106154?
2, 53077
List the prime factors of 3416333.
19, 179807
What are the prime factors of 12893575?
5, 37, 53, 263
What are the prime factors of 4828722?
2, 3, 37, 21751
List the prime factors of 1155019.
1155019
What are the prime factors of 41421?
3, 13807
What are the prime factors of 5866271?
109, 53819
List the prime factors of 452237.
137, 3301
List the prime factors of 72243.
3, 23, 349
List the prime factors of 268156.
2, 7, 61, 157
What are the prime factors of 1532077?
1532077
What are the prime factors of 497073?
3, 67, 2473
List the prime factors of 283066.
2, 7, 20219
List the prime factors of 11103128.
2, 41, 33851
List the prime factors of 536625.
3, 5, 53
List the prime factors of 29844769.
113, 264113
List the prime factors of 205967.
205967
What are the prime factors of 22263689?
7, 454361
What are the prime factors of 1959788?
2, 97, 5051
What are the prime factors of 18695734?
2, 19, 23, 21391
List the prime factors of 461603.
461603
What are the prime factors of 8611411?
8611411
What are the prime factors of 803949?
3, 73, 3671
What are the prime factors of 58968?
2, 3, 7, 13
What are the prime factors of 3441092?
2, 263, 3271
What are the prime factors of 70577?
13, 61, 89
List the prime factors of 1063580.
2, 5, 7, 71, 107
List the prime factors of 14582667.
3, 11, 23, 19213
List the prime factors of 11125184.
2, 7, 19, 1307
List the prime factors of 545588.
2, 136397
List the prime factors of 1528567.
571, 2677
List the prime factors of 5128926.
2, 3, 11, 77711
What are the prime factors of 834258?
2, 3, 17, 8179
What are the prime factors of 1935041?
503, 3847
What are the prime factors of 1783643?
1783643
What are the prime factors of 7210757?
7210757
What are the prime factors of 7022631?
3, 7, 11, 43, 101
List the prime factors of 8842093.
13, 680161
What are the prime factors of 3520001?
373, 9437
What are the prime factors of 2008429?
23, 87323
What are the prime factors of 9026352?
2, 3, 62683
List the prime factors of 207690.
2, 3, 5, 7, 23, 43
List the prime factors of 23470536.
2, 3, 431, 2269
What are the prime factors of 81805?
5, 16361
What are the prime factors of 4705816?
2, 41, 14347
What are the prime factors of 4244153?
4244153
List the prime factors of 594791.
79, 7529
What are the prime factors of 5217781?
5217781
List the prime factors of 46385.
5, 9277
What are the prime factors of 532916?
2, 17, 461
List the prime factors of 231763.
7, 113, 293
List the prime factors of 935793.
3, 3851
List the prime factors of 762946.
2, 433, 881
List the prime factors of 12659680.
2, 5, 11, 7193
What are the prime factors of 147341?
147341
List the prime factors of 228415.
5, 11, 4153
What are the prime factors of 454688?
2, 13, 1093
What are the prime factors of 9062898?
2, 3, 13, 116191
List the prime factors of 3086488.
2, 385811
List the prime factors of 616611.
3, 205537
What are the prime factors of 16475224?
2, 73, 28211
List the prime factors of 169698.
2, 3, 28283
List the prime factors of 184156.
2, 7, 6577
List the prime factors of 4893474.
2, 3, 31, 26309
List the prime factors of 121096.
2, 15137
What are the prime factors of 1186593?
3, 23, 29, 593
What are the prime factors of 639708?
2, 3, 53309
What are the prime factors of 3225948?
2, 3, 11, 24439
What are the prime factors of 146535?
3, 5, 9769
List the prime factors of 7422425.
5, 337, 881
List the prime factors of 1468003.
1063, 1381
List the prime factors of 57158.
2, 28579
What are the prime factors of 180949?
180949
What are the prime factors of 9315027?
3, 345001
List the prime factors of 1045309.
1045309
What are the prime factors of 2010645?
3, 5, 7, 13, 491
What are the prime factors of 185971?
185971
What are the prime factors of 3984969?
3, 1328323
What are the prime factors of 6645934?
2, 19, 174893
What are the prime factors of 234361?
234361
What are the prime factors of 302881?
139, 2179
What are the prime factors of 8200976?
2, 7, 37, 1979
What are the prime factors of 1659333?
3, 13, 157, 271
List the prime factors of 7249523.
7249523
What are the prime factors of 376630?
2, 5, 37663
What are the prime factors of 352535?
5, 70507
List the prime factors of 2271790.
2, 5, 157, 1447
What are the prime factors of 34175474?
2, 17, 1005161
List the prime factors of 121918.
2, 47, 1297
List the prime factors of 5471329.
5471329
What are the prime factors of 110688?
2, 3, 1153
List the prime factors of 7787526.
2, 3, 251, 5171
List the prime factors of 12612680.
2, 5, 29, 83, 131
What are the prime factors of 274691?
31, 8861
What are the prime factors of 465452?
2, 13, 8951
List the prime factors of 25800.
2, 3, 5, 43
What are the prime factors of 2798307?
3, 179, 193
What are the prime factors of 563270?
2, 5, 23, 31, 79
List the prime factors of 1490396.
2, 409, 911
List the prime factors of 30461.
83, 367
List the prime factors of 140388.
2, 3, 11699
List the prime factors of 245966.
2, 7, 17569
What are the prime factors of 638202?
2, 3, 106367
What are the prime factors of 406395?
3, 5, 11, 821
What are the prime factors of 14332131?
3, 11, 71, 2039
What are the prime factors of 7811081?
7811081
List the prime factors of 55304.
2, 31, 223
What are the prime factors of 30625042?
2, 7, 977, 2239
List the prime factors of 14038330.
2, 5, 1403833
What are the prime factors of 1225983?
3, 11, 97, 383
List the prime factors of 1163350.
2, 5, 53, 439
List the prime factors of 3027486.
2, 3, 7, 11, 6553
What are the prime factors of 8037195?
3, 5, 127, 4219
List the prime factors of 203624.
2, 25453
What are the prime factors of 106869?
3, 7, 727
What are the prime factors of 8991485?
5, 509, 3533
List the prime factors of 4363267.
4363267
List the prime factors of 302174.
2, 23, 6569
What are the prime factors of 1802925?
3, 5, 2671
What are the prime factors of 289709?
7, 41387
List the prime factors of 653811.
3, 217937
What are the prime factors of 12447136?
2, 13, 29921
List the prime factors of 234663.
3, 11, 13, 547
List the prime factors of 151204.
2, 103, 367
List the prime factors of 162509.
101, 1609
What are the prime factors of 43069?
13, 3313
List the prime factors of 23640018.
2, 3, 71, 211, 263
List the prime factors of 1347692.
2, 17, 19819
What are the prime factors of 2950024?
2, 7, 11, 4789
List the prime factors of 25596.
2, 3, 79
What are the prime factors of 50093?
50093
What are the prime factors of 724156?
2, 181039
List the prime factors of 32597902.
2, 701, 23251
What are the prime factors of 64700?
2, 5, 647
List the prime factors of 9990533.
7, 23, 62053
List the prime factors of 11302010.
2, 5, 757, 1493
List the prime factors of 13742.
2, 6871
What are the prime factors of 8292883?
2447, 3389
List the prime factors of 7206827.
17, 423931
List the prime factors of 102236.
2, 61, 419
What are the prime factors of 16785184?
2, 13, 157, 257
List the prime factors of 294430.
2, 5, 29443
What are the prime factors of 7511821?
19, 59, 6701
What are the prime factors of 871639?
871639
List the prime factors of 4354